891393?
1
What is the units digit of 535937?
7
What is the tens digit of 1118234?
3
What is the tens digit of 8951849?
4
What is the hundreds digit of 3926961?
9
What is the thousands digit of 13198394?
8
What is the hundreds digit of 38483?
4
What is the thousands digit of 414282?
4
What is the millions digit of 1614770?
1
What is the millions digit of 4031596?
4
What is the units digit of 132216?
6
What is the hundreds digit of 56251?
2
What is the hundred thousands digit of 161670?
1
What is the hundreds digit of 1548739?
7
What is the thousands digit of 1487800?
7
What is the hundreds digit of 27046?
0
What is the ten millions digit of 25352141?
2
What is the thousands digit of 1626231?
6
What is the thousands digit of 1070844?
0
What is the units digit of 11541939?
9
What is the ten thousands digit of 6816635?
1
What is the thousands digit of 3369971?
9
What is the hundred thousands digit of 7179986?
1
What is the ten thousands digit of 207781?
0
What is the hundreds digit of 1006332?
3
What is the hundreds digit of 52501?
5
What is the hundreds digit of 6630529?
5
What is the tens digit of 3367373?
7
What is the units digit of 96350?
0
What is the hundreds digit of 926326?
3
What is the units digit of 9943459?
9
What is the ten millions digit of 10369142?
1
What is the hundred thousands digit of 5101545?
1
What is the units digit of 40832591?
1
What is the units digit of 1256458?
8
What is the tens digit of 271308?
0
What is the thousands digit of 10030465?
0
What is the units digit of 261766?
6
What is the thousands digit of 42416?
2
What is the millions digit of 7920637?
7
What is the thousands digit of 109977?
9
What is the thousands digit of 5161394?
1
What is the ten thousands digit of 69135?
6
What is the tens digit of 408960?
6
What is the hundreds digit of 3741173?
1
What is the units digit of 26407704?
4
What is the ten thousands digit of 1190945?
9
What is the units digit of 209293?
3
What is the ten thousands digit of 1103147?
0
What is the tens digit of 322948?
4
What is the hundreds digit of 1106699?
6
What is the ten thousands digit of 90571?
9
What is the hundreds digit of 2436598?
5
What is the hundreds digit of 8416838?
8
What is the tens digit of 518546?
4
What is the hundreds digit of 241423?
4
What is the units digit of 2332427?
7
What is the units digit of 50416?
6
What is the units digit of 155250?
0
What is the thousands digit of 3093811?
3
What is the units digit of 1770668?
8
What is the units digit of 2408457?
7
What is the tens digit of 247441?
4
What is the tens digit of 2928770?
7
What is the hundreds digit of 75132?
1
What is the units digit of 2809397?
7
What is the ten thousands digit of 3037522?
3
What is the ten thousands digit of 233953?
3
What is the tens digit of 182244?
4
What is the thousands digit of 789454?
9
What is the tens digit of 330877?
7
What is the ten thousands digit of 2765341?
6
What is the ten thousands digit of 83913?
8
What is the tens digit of 241474?
7
What is the ten thousands digit of 1839145?
3
What is the thousands digit of 20206429?
6
What is the units digit of 2892874?
4
What is the hundreds digit of 1964275?
2
What is the hundreds digit of 2264481?
4
What is the hundreds digit of 3427786?
7
What is the thousands digit of 921581?
1
What is the ten thousands digit of 419567?
1
What is the hundreds digit of 2420302?
3
What is the thousands digit of 8783087?
3
What is the hundreds digit of 3145805?
8
What is the tens digit of 633567?
6
What is the thousands digit of 14322712?
2
What is the units digit of 1841805?
5
What is the hundred thousands digit of 220099?
2
What is the hundred thousands digit of 5442969?
4
What is the millions digit of 2218179?
2
What is the tens digit of 9078859?
5
What is the tens digit of 2534298?
9
What is the millions digit of 3675213?
3
What is the ten millions digit of 39627144?
3
What is the ten thousands digit of 150110?
5
What is the millions digit of 1582240?
1
What is the millions digit of 1727802?
1
What is the tens digit of 556212?
1
What is the units digit of 5226695?
5
What is the ten thousands digit of 855663?
5
What is the hundreds digit of 1078063?
0
What is the thousands digit of 403411?
3
What is the units digit of 3745263?
3
What is the hundred thousands digit of 543224?
5
What is the ten thousands digit of 112407?
1
What is the tens digit of 28739?
3
What is the ten thousands digit of 39043?
3
What is the hundred thousands digit of 2061039?
0
What is the hundred thousands digit of 3175058?
1
What is the thousands digit of 3770126?
0
What is the ten thousands digit of 6609937?
0
What is the thousands digit of 431659?
1
What is the ten thousands digit of 11005593?
0
What is the tens digit of 8855000?
0
What is the hundred thousands digit of 437525?
4
What is the hundred thousands digit of 6039909?
0
What is the millions digit of 1076577?
1
What is the ten thousands digit of 105003?
0
What is the hundreds digit of 295536?
5
What is the thousands digit of 372556?
2
What is the hundred thousands digit of 4775056?
7
What is the ten thousands digit of 2944362?
4
What is the units digit of 23240?
0
What is the units digit of 453613?
3
What is the tens digit of 253053?
5
What is the tens digit of 297941?
4
What is the ten thousands digit of 2873706?
7
What is the ten thousands digit of 3759347?
5
What is the millions digit of 1009967?
1
What is the ten thousands digit of 196598?
9
What is the hundreds digit of 1655614?
6
What is the hundred thousands digit of 24533782?
5
What is the hundred thousands digit of 628975?
6
What is the thousands digit of 83357?
3
What is the hundreds digit of 5857693?
6
What is the tens digit of 188284?
8
What is the hundred thousands digit of 7806201?
8
What is the units digit of 9520851?
1
What is the hundreds digit of 2731736?
7
What is the hundred thousands digit of 958520?
9
What is the units digit of 144479?
9
What is the hundreds digit of 104427?
4
What is the units digit of 1023505?
5
What is the hundred thousands digit of 4606886?
6
What is the units digit of 896734?
4
What is the units digit of 2194549?
9
What is the ten thousands digit of 1137193?
3
What is the ten thousands digit of 538050?
3
What is the hundred thousands digit of 12882294?
8
What is the ten thousands digit of 15954558?
5
What is the millions digit of 3580623?
3
What is the units digit of 64609?
9
What is the units digit of 3939151?
1
What is the hundreds digit of 135967?
9
What is the units digit of 179151?
1
What is the hundred thousands digit of 2868590?
8
What is the ten thousands digit of 64075?
6
What is the thousands digit of 40424?
0
What is the millions digit of 3587354?
3
What is the ten thousands digit of 33978351?
7
What is the ten thousands digit of 1906793?
0
What is the hundreds digit of 6306961?
9
What is the tens digit of 2193498?
9
What is the tens digit of 3308844?
4
What is the hundred thousands digit of 114634?
1
What is the ten thousands digit of 321645?
2
What is the hundreds digit of 33509?
5
What is the ten thousands digit of 472264?
7
What is the thousands digit of 27037732?
7
What is the thousands digit of 1316654?
6
What is the ten millions digit of 11167745?
1
What is the units digit of 24678716?
6
What is the thousands digit of 35478?
5
What is the hundreds digit of 3336236?
2
What is the units digit of 139884?
4
What is the units digit of 127575?
5
What is the ten thousands digit of 340501?
4
What is the hundred thousands digit of 655617?
6
What is the hundred thousands digit of 103901?
1
What is the units digit of 2768779?
9
What is the units digit of 2653464?
4
What is the units digit of 1484613?
3
What is the thousands digit of 90924?
0
What is the tens digit of 96253?
5
What is the hundred thousands digit of 159223?
1
What is the thousands digit of 4160184?
0
What is the hundred thousands digit of 1399667?
3
What is the units digit of 2073385?
5
What is the hundred thousands digit of 1387697?
3
What is the hundred thousands digit of 1471328?
4
What is the thousands digit of 14157455?
7
What is the tens digit of 7006326?
2
What is the units digit of 914761?
1
What is the ten millions digit of 10180477?
1
What is the hundred thousands digit of 511494?
5
What is the tens digit of 12379089?
8
What is